ctor of 225 and d.
9
Suppose -8*k + 1104 = -3*b - 8814, 3*k - 3702 = 4*b. What is the greatest common divisor of 24 and k?
6
Let g be (3/(-2))/(21/(-175)*(-15)/(-13584)). What is the highest common factor of 40 and g?
40
Let j(r) = -r**2 - 14*r + 36. Let u be j(-16). Suppose -5*t + 127 = -x + 5*x, u*x = 2*t - 62. What is the greatest common factor of t and 135?
27
Let x be (-6)/4*34160/(-24). What is the highest common divisor of 14 and x?
7
Let t = -7916 - -7980. What is the highest common factor of t and 4384?
32
Let q = 39 + -35. Suppose i - 162 = q*i. Let c = 60 + i. Calculate the highest common factor of c and 30.
6
Let y = 14 + 22. Let c(j) = 3*j**2 + 10*j - 2. Let v be c(-3). Let x be ((-24)/(-20) + -2)*v. Calculate the highest common divisor of y and x.
4
Let i be (20/(-2) - -11)*(2 - -316). What is the highest common divisor of 583 and i?
53
Let w = -17 + 21. Suppose -w*y + y - 75 = 0. Let d = 40 + y. What is the highest common divisor of d and 15?
15
Suppose -46*r = -7*r. Suppose -4*t - 4*s + 79 = -25, r = -2*t + 2*s + 36. What is the greatest common factor of t and 99?
11
Let z be (-1*5 - (2 + 5))/(-1). Let v be (-4)/(32/(-602)) + z/(-48). Calculate the highest common factor of 30 and v.
15
Suppose 0 = -29*j + 34*j + 4*q - 1570, 2*j = -2*q + 626. Calculate the highest common factor of 106 and j.
106
Suppose -5*l = -5*f - 610, 4*f + 3*l - 6*l + 486 = 0. Let p be (2 - -13)*f/(-45). Let g be 1*10/3*9. Calculate the highest common divisor of g and p.
10
Let n(d) = 3*d + 530. Let y be n(10). Calculate the greatest common divisor of 945 and y.
35
Let c = 117 + -117. Suppose -55*b + 57*b - 656 = c. What is the highest common factor of 246 and b?
82
Suppose -3*x - 19*g + 504 = -22*g, 0 = -x + 2*g + 166. What is the greatest common factor of x and 1280?
10
Let z be 4*(2 - 3)*(-230)/40. Suppose 0 = -v + 5 - 1, 3*o - 122 = 4*v. What is the highest common factor of o and z?
23
Let q be 11/(16 - 5)*8. Calculate the greatest common divisor of 212 and q.
4
Suppose 4*y - 5 = 27. Let c be 243 + ((-1944)/(-3))/(-24). What is the highest common divisor of c and y?
8
Let b be (-6 + 3 + (-325)/(-39))*159/4. What is the greatest common factor of b and 184?
4
Let y be -4*3*4/(-24). Suppose 3*l - 91 = -4*i + 874, 0 = 3*i + y*l - 724. What is the highest common divisor of 11 and i?
11
Let h be 786/15 + 4/(-10). Let n = -2410 + 2382. Let m = n + h. Calculate the greatest common divisor of m and 60.
12
Let f(o) = -63*o + 1859. Let n be f(28). What is the greatest common divisor of n and 2831?
19
Suppose 6*y - 5*y = -c + 896, -3*c - 4488 = -5*y. What is the greatest common divisor of y and 276?
69
Suppose 287*x + 15 = 284*x. Let s be (x - -6)*(-3 + 4 - -9). Calculate the highest common divisor of s and 590.
10
Suppose 166*u - 3*u = u + 999378. What is the highest common factor of u and 199?
199
Suppose -32*n = -37*n + 360. Let t be 762/4*(-16)/(-24). Suppose 2*p = -j + 215, -5*j - t + 662 = 5*p. What is the greatest common factor of n and p?
36
Let w be 30/(-7) + (-2)/(-7). Let t = w + 7. Let i be 4 + 1 + 11 - 7. Calculate the greatest common factor of i and t.
3
Let h(k) = 3*k**2 - 12*k + 1. Let l = -53 + 57. Let f be h(l). Let i be (240/(-72))/((-7)/(-9) - f). What is the greatest common divisor of i and 135?
15
Suppose 393 + 3471 = 92*o. What is the highest common divisor of 1099 and o?
7
Suppose -67*u = -2*b - 64*u + 2100, -u - 1050 = -b. Calculate the highest common divisor of 45 and b.
15
Let t(j) = -j**2 + 30*j - 72. Let v be t(21). Let z = 24 - 11. Calculate the greatest common factor of z and v.
13
Let k be 44886/54 - (-4)/(-18). Suppose -7*z + k = -996. Let b = -98 + 127. Calculate the greatest common factor of z and b.
29
Let z be (0 + -305)/((1 - -5)/(-6)). Let m = z + -286. Calculate the highest common divisor of m and 1.
1
Let i(w) = 1170*w - 403. Let p be i(8). What is the highest common divisor of p and 338?
169
Suppose 73*h = 75*h + 894. Let a = -366 - h. What is the greatest common factor of 54 and a?
27
Let a be -7*28/294*-9. What is the greatest common divisor of a and 564?
6
Let l be ((-2)/(-5))/(-1) + 879164/(-290). Let v = l - -4992. Calculate the greatest common divisor of 40 and v.
40
Suppose 174*f = 140*f + 4488. What is the highest common divisor of f and 72?
12
Let d be 25 + -25 - (0 + 1)/1. Let j be d/((-6)/(-28)*-2)*45. Suppose 5*h = -3*w + j, 0*w - 4*w = 20. Calculate the highest common factor of h and 12.
12
Let k(o) = 13*o - 178. Let l be k(14). Suppose -2 = l*b - 14. What is the greatest common factor of b and 240?
3
Suppose p = -35*w + 37*w + 16, -2*w + 44 = 5*p. Suppose a - 11 = -b, -8 + p = b. What is the highest common factor of 63 and a?
9
Let z = -25 - -35. Suppose 2*l - 6 = 2*a, l - 5*a = 1 - 6. Suppose -3*b + 41 = -l*s + z*s, 5*b = -15. Calculate the highest common divisor of 130 and s.
10
Let u be (28/5)/((-99)/(-2970)). What is the highest common divisor of 64 and u?
8
Let n(y) = 2*y**3 - 2*y**2 + 7*y - 8. Let a be n(4). Suppose 16 = -4*d, p + 69*d = 68*d + 25. What is the highest common factor of p and a?
29
Let k(x) = x**3 + 2*x**2 + 14*x - 48. Let y be k(6). Suppose -y = -213*f + 207*f. What is the greatest common factor of f and 54?
54
Suppose 72*v + 73*v = 149*v. Let t(j) = 2*j**2 - 8*j + 24. Let l be t(v). What is the highest common divisor of 2 and l?
2
Let r(m) = -8*m + 99. Let u be 1 - ((-6)/(-2) + -3 + -2). Let c be r(u). Calculate the greatest common factor of 45 and c.
15
Let x(a) = -18*a + 94. Suppose -5*b + 2*s = -21, 2*s - 43 = -5*b - 14. Let q be x(b). What is the greatest common factor of q and 54?
2
Suppose -2*g = -7*g + 20. Suppose g*m - 2*a = 140, -3*m = -m + 2*a - 58. Suppose -31*p - m = -34*p. What is the highest common divisor of p and 44?
11
Let g(s) = -s**3 + 6*s**2 + 2*s - 6. Let m be g(6). Let y = 222810 + -222805. What is the greatest common divisor of m and y?
1
Let m(r) = r**3 - 16*r**2 + 29*r + 3. Let o be m(14). Let a(y) = y**3 - 16*y**2 - 20*y + 67. Let g be a(o). Calculate the highest common divisor of 8 and g.
8
Let x = -15386 - -15391. What is the greatest common divisor of 2940 and x?
5
Suppose -5*w - 4*b + 389 = -304, 0 = -3*b - 9. What is the highest common factor of 517 and w?
47
Let x = 15051 - -2010. Calculate the greatest common divisor of x and 141.
141
Let a(z) = 3*z**2 - 4*z - 48. Let c be a(15). What is the greatest common factor of c and 441?
63
Suppose -4*c + 432 = -56*d + 52*d, 0 = -c - 4*d + 108. What is the highest common divisor of c and 2403?
27
Let x(w) = -67*w + 880. Let v be x(-60). What is the highest common factor of 30 and v?
10
Let p be (0 - 4)/(-2) + 4. Let n(d) = -2*d**2 - 3*d**2 + 6*d**2 - d**3 - 6*d**2 + 9 + p*d. Let r be n(-6). Calculate the highest common factor of r and 54.
9
Let f(h) = 5*h + 400. Let c be f(-76). Let g be (-26)/(-65) - 396/(-10). Calculate the highest common factor of g and c.
20
Let o(h) = -2*h**3 + 4*h**2 + 597*h - 69. Let v be o(-21). What is the greatest common divisor of 15 and v?
15
Suppose 35 - 95 = -5*o. Let w = 32 - o. What is the highest common divisor of w and 5?
5
Suppose -2382 + 870 - 2552 = -127*y. What is the greatest common factor of 184 and y?
8
Suppose 10*d - 33 = 7*d. Suppose -d*m = -14*m + 210. Let b = 64 + -54. Calculate the highest common factor of m and b.
10
Suppose 13*g = 2411 - 214. Calculate the highest common divisor of g and 26.
13
Let q = 950 + -943. Let y(w) = w**2 + 4*w - 2. Let h be y(-7). Suppose 5*b - h = 16. Calculate the greatest common factor of q and b.
7
Suppose -2*p = -p + 1208 - 1863. Calculate the highest common divisor of 15 and p.
5
Let j(a) = a**3 + 8*a**2 + 6*a - 6. Let v be j(-6). Let i be (15/((-435)/232))/((-2)/20). Calculate the highest common divisor of i and v.
10
Suppose -u = -4*u + 27. Let h = -4089 - -4170. Calculate the highest common divisor of h and u.
9
Suppose 0 = 21*f - 8740 - 3650. Suppose 4*z + 4*y - 1205 = 3*y, -2*z + f = -2*y. Calculate the greatest common factor of z and 24.
12
Suppose -247 = 42*k - 675 - 1840. What is the highest common factor of 30 and k?
6
Let h = -167 + 178. Suppose h*x = 3*x + 16. Let v = -18 + 32. Calculate the highest common factor of x and v.
2
Suppose -7 + 19 = 2*t. Suppose -t*u = -149 + 11. Calculate the highest common divisor of 46 an